. Is 906 + (o - (-6 - -17)) a prime number?
False
Let j(o) = 268*o - 9. Let k(q) = -537*q + 20. Let r(d) = 7*j(d) + 3*k(d). Is r(2) prime?
False
Let t be (-2)/((-4)/(-10)) - (-6 + 6). Is 14095*(12/t)/(-4) composite?
True
Let g be -2 - 6*(-4)/3. Let x be (-559)/78 + 1/g. Is (x/3 + 2)*(-5516 - 25) a composite number?
False
Let b = 26181 - 14168. Is b composite?
True
Let t = -5335 - -12801. Is t a prime number?
False
Let i(s) = 325*s**2 + 2*s - 1. Let n be i(1). Let v be (-1 - (-26)/18) + (-208325)/(-117). Suppose n - v = -3*k. Is k a prime number?
False
Let g(o) = 1791*o + 5564. Is g(93) prime?
True
Is 958/8*1*((14 - 2) + 536) prime?
False
Let x = -430013 - -680790. Is x a composite number?
False
Let d = 3 + 259. Suppose -506*j + 491*j = -885. Let q = d - j. Is q a prime number?
False
Suppose 131*t - 104*t = 758457. Is t a prime number?
False
Let x(s) = 220339*s**2 - 297*s + 589. Is x(2) composite?
False
Let t(v) = -87951*v + 1883. Is t(-4) a prime number?
True
Let j(r) = 2*r**3 - 5*r + 4. Let q be j(-3). Let a = 41 + q. Suppose -6*y + 5*y = -a. Is y a prime number?
False
Suppose 10*q - 84*q + 5170454 = 0. Is q prime?
False
Suppose 0 = 6*d - 7*d - 5*b + 18, 2*d + 19 = b. Let u(c) = -11*c**3 + 5*c + 4. Is u(d) a composite number?
True
Let m be (45/(-12))/(-5) - 39/52. Is ((-84 - -7) + m)/(2/(-2)) composite?
True
Suppose 0*q + 462 = 6*q. Suppose 78*k - 2 = q*k. Suppose -1290 = -k*h - 8*h. Is h a prime number?
False
Let z = 10707 - 7099. Suppose 3*n + 12 = 0, -9358 - z = -2*x - 4*n. Is x a prime number?
True
Let n be 4*(-6 + (-77)/(-14)). Let q(h) = -300*h**3 - 2*h**2 - 8*h + 3. Is q(n) a composite number?
False
Let g = 217 + -221. Is (g - -1) + (-8 - -4 - -1446) a composite number?
False
Suppose 23*o = 109438 + 10783. Is o composite?
False
Let v(l) = 6*l**3 - 4*l**2 + 6*l - 467. Let i(c) = 7*c**3 - 5*c**2 + 7*c - 467. Let p(o) = 5*i(o) - 6*v(o). Let s be (-4)/18 - (-4)/18. Is p(s) a prime number?
True
Suppose -5*z - 5*l = -0*z + 5, 5*l = 4*z - 41. Let x = 70 - 40. Is 3/(x/z)*1*835 composite?
True
Let z be (3 - (-42)/(-15)) + (-28)/(-10). Let g be (0 - -2 - -1) + 57/z. Suppose -332 = g*p - 24*p. Is p a composite number?
True
Let q(o) = 41*o**2 - 21*o + 575. Is q(-76) a composite number?
True
Let a = -108 - -130. Let o(p) = 8*p**2 + 28*p + 131. Is o(a) composite?
True
Is -11*1 + 21*339104/56 a prime number?
False
Suppose 214778 = p + 5*j, 54*j = -p + 52*j + 214787. Is p prime?
False
Let g = -106 + 16. Let l be -13*((-17)/3)/(5/g). Let n = l - -2711. Is n a composite number?
True
Let g(k) = -k**3 + 3*k**2 + 7*k - 430. Is g(-21) a composite number?
False
Suppose -5*k + w + 9 = 74, -3*w = -k - 13. Let f(c) = -2139*c - 61. Is f(k) a prime number?
False
Is (0 + (-11403608)/(-28))/((-32)/(-112)) prime?
True
Suppose -34479050 = -105*j + 11954785. Is j composite?
True
Let m = 120741 - 33782. Is m a prime number?
True
Let w(y) = -55013*y - 158. Is w(-3) a composite number?
False
Let k be 2 + (-13 - -5)*2975/(-10). Suppose 25750 = 8*w + k. Is w a composite number?
True
Let i be (-156)/20 + 13 + 1/(-5). Suppose -9*v - i*j = -4*v - 73400, -2*j + 14683 = v. Is v prime?
False
Suppose -b = 2*s + 6, s + 5*b + 9 + 3 = 0. Let h(o) = -46*o - 187. Let w(t) = 45*t + 155. Let n(i) = -5*h(i) - 6*w(i). Is n(s) prime?
False
Suppose 14*i = 13*i + 3, -g - 3*i = -13. Suppose 2*r = -2*a + 1274, 0*a - 1278 = -2*a - g*r. Is a a composite number?
True
Let z(d) = 32*d - 2. Let b be z(1). Suppose -q + 4*j = -4*q + b, 3*q - 5*j - 3 = 0. Let f(o) = o**3 + 11*o**2 + 9*o - 7. Is f(q) a prime number?
True
Let t be (1093530/60)/((-1)/4). Let w = -21397 - t. Is w prime?
False
Suppose -13 - 19 = -4*g. Let b(i) = 16*i**2 + 25. Is b(g) prime?
True
Suppose -k = -3023 - 16621. Suppose -31*m + 19*m = -k. Is m a composite number?
False
Let r(k) = 43*k - 24. Let y be r(11). Suppose m = 3*w + 245, -2*w - 828 - y = -5*m. Suppose 5*d - 1398 - m = 0. Is d composite?
False
Suppose y = u + 441, -5*y - 1048 = -2*u - 3268. Suppose 0 = 227*r - 228*r + y. Is r a composite number?
True
Suppose 0 = 3*t - 3*b + b, 5*b = -3*t. Suppose x + t*x - 32 = 0. Is -1 + 0 + 0 + x a composite number?
False
Suppose -2*y - 32 = -28. Let k(z) = 315*z**2 - z - 3. Is k(y) prime?
True
Let q = 38 + -26. Let m be (-1452)/28 - (88/28 + -3). Is ((-254)/6)/(4 + m/q) composite?
False
Let b = 833139 - 423544. Is b composite?
True
Suppose 622*t = 315*t + 308*t - 159337. Is t a composite number?
False
Let k(u) = 4*u - 1 + 3*u**2 - 24 - 2*u**2 + 16*u. Let n be k(-21). Is n/(-1) + -2 + 7965/9 a prime number?
True
Let v(h) = -h**3 + 10*h**2 - 17*h + 2. Let i be v(8). Let x be 20/i*(-6)/4. Suppose 4*u = 4*n - 1420 - 1204, 1321 = 2*n - x*u. Is n prime?
True
Let b = 8 - 2. Let c(k) = 53*k**2 - 5*k + 55. Let p(f) = 29*f**2 - 2*f + 31. Let w(m) = -6*c(m) + 11*p(m). Is w(b) a composite number?
True
Let q = -1301 + -1325. Let o = 8547 + q. Is o a prime number?
False
Let m = -127585 - -295386. Is m composite?
False
Let v = -147 + 136. Is v/(2*4/(-2936)) composite?
True
Is -1052065*(20/2 + 1581/(-155)) a composite number?
True
Is 4*(104065/52 - 3) a composite number?
False
Is (-1226282)/(-4)*((-26)/182 - 75/(-35)) composite?
False
Let h = 50 - 34. Let j = h - 12. Is 2*(2/4)/(j/188) prime?
True
Let q(p) = p**3 + 10*p**2 - 9*p + 5. Suppose 2*n + 0*n = 0. Let c be 4 + -6*(2 + n). Is q(c) a composite number?
True
Let d(w) = -99*w**2 - 6*w - 12. Let h be d(-7). Let i = 8650 + h. Is i a composite number?
True
Let x = 3071 + 6519. Is 3 - (4 + 0 + x/(-7)) a prime number?
False
Suppose 3219454 = -53*b + 46802891. Is b a prime number?
True
Let l = 95 - 81. Let m(c) = c**3 - 12*c**2 + 16*c - 27. Let a be m(l). Let f = a + 1150. Is f a composite number?
True
Let m be 22480/18 + (-12)/(-108). Let d = 3117 - m. Let q = -1047 + d. Is q a prime number?
True
Suppose -11*h + 570822 = 31*h. Is h composite?
False
Suppose -140 = -3*y + 3*w - 8*w, 8 = 2*w. Let b be (-1 - 8540/(-8))*y/(-15). Is (22/(-3))/(6/b*4) composite?
True
Suppose -15*t + 563076 + 196329 = 0. Is t prime?
True
Let k be (-12)/(-20) - (-147168)/70. Let u = -929 + k. Is u a prime number?
False
Let x = 82 + 3. Is 17/(x/22750) + -3 prime?
True
Let v = -6196 - -43669. Is v a prime number?
False
Let g(s) = 1458*s - 18. Let l be g(2). Let x = 1135 + l. Is x composite?
True
Let a(t) = 65 - 68 + 32 - 36*t. Is a(-20) prime?
False
Let c = -31827 + 77486. Is c a composite number?
False
Let i be (-6)/14 - 165/105. Let y = i + -2. Is -4*y/32*1678 composite?
False
Suppose f + 3*f - 112 = 0. Suppose -4*z + 2*j = 36 - 26, 0 = 2*z - 5*j + 9. Is f/7 + z + 0 + 249 prime?
True
Let a be 29/3 + (-2 - 21/(-9)). Suppose -8 - a = -6*o. Suppose 3*d + 2*d + 3*s - 889 = 0, -545 = -o*d + 4*s. Is d a composite number?
False
Suppose 0 = m + 5*l - 7288, -14616 = 6*m - 8*m - 2*l. Let t = -5191 + m. Is t composite?
True
Let p(u) = 772*u + 28. Let s be p(27). Suppose -o - 7*o = -s. Is o composite?
False
Suppose 4*x - 3*q + 232 = 0, 2*x - 4*x - 116 = -4*q. Let j = x + 59. Is 7815 - (-12*j)/3 composite?
True
Let k(r) = r**2 + 2*r - 13. Let y be k(3). Suppose y*p = -p + 11487. Let q = -380 + p. Is q composite?
False
Let d(q) = 10*q + 5. Let s be d(1). Suppose 786 = -2*a - 2*l, -2*l + s = 3*l. Let g = -205 - a. Is g composite?
False
Suppose -90 = -3*w - 6*w. Let z(r) = 24*r**2 + 4*r - 23. Is z(w) composite?
False
Suppose 2059913 = 28*l + 370645. Is l prime?
True
Suppose 21*r - 151742 = 72328. Let p = 12499 + r. Is p a composite number?
True
Let y = 103 + -42. Let i = y - 62. Is (-4)/(-1 - i/13*11) a prime number?
False
Suppose 2*m = 1 + 1, m = -d - 19. Let n(k) be the first derivative of -k**4/4 - 19*k**3/3 + 5*k**2 + 11*k - 6. Is n(d) composite?
False
Suppose 49*a - 41*a + 21*a - 12434011 = 0. Is a a composite number?
False
Let f(h) = h**3 + 5*h**2 + 5*h. Let b be f(-2). Let q(w) = 5*w + 4*w**3 - 4*w**3 - 9*w**2 + 4*w**2 - b*w**3 + 15. Is q(-6) a prime number?
False
Suppose -4 = 5*a + 6, -5*w + 626599 = 3*a. Is w a prime number?
False
Let y(l) = -3922*l - 815. Is y(-13) composite?
True
Let b(m) = 8394*m**3 - 26*m**2 + 74*m - 25. Is b(3) a prime number?
True
Let v(r) = -9*r + 347. Let b = 306 - 306. Is v(b) prime?
True
Let a = 3455345 - -1027748. Is a a composite number?
False
Let a = 173 + -166. Let w(l) = 266*l - 63. Is w(a) prime?
F